tens digit of b?
1
Suppose 0*i = 5*i + 45. Let s be (-6)/(-9)*i/(-2). Suppose -8 = 2*u - 4*u + b, 12 = -s*b. What is the units digit of u?
2
Let h = 65 + -35. Let a = h - 7. What is the units digit of a?
3
Let v(c) = -c**2 - 12*c - 15. Let t be v(-10). What is the units digit of (t - (3 + 0))/2?
1
Suppose -f - 5 = 0, l - 3*l - 5*f = -211. What is the tens digit of l?
1
Suppose 4*c + 11*c - 30 = 0. What is the units digit of c?
2
Let w = -5 + 3. Let m be 0/(1/((-1)/w)). Let c(s) = -s**2 - s + 15. What is the units digit of c(m)?
5
Suppose 0*l + l = 0. Let d be 2 - (l + -2)*1. Suppose -v = -3*j + 20, 3*j = -d*v - 4 - 1. What is the units digit of j?
5
Let y be (-4)/(-10) + (-32)/5. What is the units digit of (-8)/(-10)*(-15)/y?
2
Let f(x) = 2*x - 5. Let n be f(4). Let s = 5 - n. Suppose 0 = 3*w + s*c + c - 15, 3*w + 2*c - 11 = 0. What is the units digit of w?
1
Let j be (-20)/6*(-9)/6. Let p = j + -4. What is the units digit of 2 - (2 - p - 8)?
9
Let y be -1*(0/4 - -3). What is the units digit of (-16)/(((-9)/(-6))/y)?
2
Suppose 0 = -2*i - i + 36. Suppose 3*m - 5*m = -14. Suppose a + a = -2*o + i, 2*a = -o + m. What is the units digit of a?
1
Suppose 72 = 4*l - 44. What is the units digit of l?
9
Let j = 0 - -6. Suppose -20 = -2*x + j. What is the units digit of x?
3
Let j(f) = -10*f**3 + 1. Let l(u) = -u**3 + 7*u**2 + 6*u + 11. Let s be l(8). Let v = 4 + s. What is the tens digit of j(v)?
1
Suppose -2*u = -0*u - 4. Suppose -u = -0*b - 2*b. Suppose -3*y + 5 = -b. What is the units digit of y?
2
Let t = -5 - -107. What is the units digit of t?
2
Suppose -3*w = 3*d - 4884, -4*w - 3*d + 4*d = -6532. What is the units digit of 2/(-15) + w/90?
8
Suppose -8*g = -14*g + 18. What is the units digit of g?
3
Let v(r) = r + 13. Let t(a) = -3*a**2 + a. Let s be 4/(3 - 1)*1. Let b be t(s). What is the units digit of v(b)?
3
Let h = 4 + -5. Let p be h - -1 - (-2 - -2). Suppose f - 5 - 5 = p. What is the units digit of f?
0
Let j(p) = -22*p + 10. What is the units digit of j(-4)?
8
Let z(b) = 3*b**2 + 13*b - 3. Let q(m) = -7*m**2 - 27*m + 5. Let k(s) = 4*q(s) + 9*z(s). What is the units digit of k(7)?
7
Let m be 2/8 + (-4)/16. Suppose b - 5*b + 16 = m. Suppose 3*t + 3*z - 4 = 8, -z + 16 = b*t. What is the units digit of t?
4
Let n(u) = -5*u**3 - 5*u**2 - 5*u + 4. What is the units digit of n(-3)?
9
Let z(n) = -4*n. Let i be 4/(-3)*3/2. What is the units digit of z(i)?
8
Suppose -5*p + 11 = -9. Suppose p*k - 64 = 16. What is the units digit of k?
0
Suppose 0 = 3*t - 281 + 110. Suppose 4*y = 35 + t. Let j = -15 + y. What is the units digit of j?
8
Let b = 91 + -61. What is the tens digit of b?
3
Suppose -h - 5*m - 26 = -2*h, -12 = 4*m. Let w = -16 + h. What is the units digit of w*(1 + 0)*-1?
5
Let f = -90 - -188. Let y = f - 69. What is the units digit of y?
9
Suppose -3*z = 2*h - 640, -2*z - h - 210 = -3*z. What is the units digit of z?
2
Suppose 86 = -4*n + 358. What is the units digit of n?
8
Let p(l) = -4*l + 6 - l**3 - 9 + 9*l - 6*l**2. What is the units digit of p(-7)?
1
Let l(v) = 5*v - 1. Let k be l(1). Suppose q - k*q = -9. What is the units digit of q?
3
Suppose 2*c + 0*c - 8 = 0. Suppose c*w + 5*j - 166 = 0, -37 = 4*w + 4*j - 201. What is the tens digit of w?
3
Let z(m) = -2*m - 4. Let l be z(-4). Let s be l/2 + -2 + 8. Suppose -2*x + 0*x + s = 0. What is the units digit of x?
4
Suppose -h + 7 = -22. Suppose h = q + 2*t, -t + 0 = -5. What is the tens digit of q?
1
Let q(i) = -i**3 - i**2 - i + 2. Let k be q(0). Suppose k*j + 15 = -j - 3*b, -9 = 3*b. What is the units digit of 7/j*2*-1?
7
Let m(s) = s**3 + 4*s**2 - 6*s - 2. Let w be m(-4). Suppose r - w = 16. What is the tens digit of r?
3
Suppose 5*r - 4 = 6. Suppose -l + 7 = -4*s, l = -7*s + r*s + 43. What is the units digit of l?
3
Suppose n = -4*j - 0*n - 15, 3*j - 6 = 5*n. Let o(k) = 2*k - 1. Let h be o(j). Let a(q) = q + 8. What is the units digit of a(h)?
1
Suppose 5*w - l + 4 + 4 = 0, -2*l = 2*w - 4. Suppose -16 = -4*s - 0*s - 2*g, -3*s - 3*g + 15 = 0. What is the units digit of (s + 25)/(1 - w)?
4
Let v(c) = -24*c + 10. What is the units digit of v(-3)?
2
Suppose -3*w + 21 = 5*h, 2*h + 1 = 5*w - 3. What is the units digit of h?
3
Let f be 9/(-6)*4/(-3). Suppose 0 = -g - f*g + 30. What is the units digit of g?
0
Suppose -2*g - 57 + 161 = 0. What is the units digit of g?
2
Suppose 3*l = -5*i - 2 + 1, 0 = i - 4*l - 9. Suppose z - 1 = i. What is the units digit of z?
2
Suppose -17 = 2*s - 459. What is the tens digit of s?
2
Suppose 7 = -2*f + 17. What is the units digit of f?
5
Suppose 0 = -r - 3*r - 12. Let q be 19/4 + r/(-12). Suppose 4*s - 7 = q. What is the units digit of s?
3
Let x(h) = -2*h**3 + 55*h**2 - 25*h + 35. What is the tens digit of x(27)?
8
Let y be 9/4 - (-12)/16. Suppose -19 = -y*l + 20. What is the units digit of l?
3
Suppose -3*b - 4*h + 9*h + 135 = 0, 0 = -h. Suppose 3*a - b = -0*a. What is the tens digit of a?
1
What is the units digit of -3 + 34/4 + 6/(-12)?
5
Let p = -3 + 4. Let o be 2 - (-2 + p*6). What is the units digit of o/(-4) + 11/2?
6
Let w(x) = -x**3 - 2*x**2 - 2. Let h be w(-2). Let r = h - -6. Suppose 4*l + 8 = 0, -2*v - 2*v = -r*l - 28. What is the units digit of v?
5
Suppose -h - 2*h + 6 = 0. Suppose 48 = -h*s + 5*s. What is the tens digit of s?
1
Let n = 52 - -107. What is the hundreds digit of n?
1
Let u = -9 - -17. Let i(n) = 0*n - 2*n + 3 + n**2 - 6*n. What is the units digit of i(u)?
3
Suppose 0 = -5*s - 2*i + 144, s - i - 36 = i. Suppose -20 - s = -5*n. Let r = n + -4. What is the units digit of r?
6
Suppose x - 25 = 3*y, 0*x + 22 = x - 4*y. What is the tens digit of x?
3
Suppose -4*z = -7*z + 111. Let t = 55 - z. What is the units digit of t?
8
Let y(a) = -2*a - 4. Let k be y(-8). Let o = -8 + k. What is the units digit of o?
4
Let r(c) = -4*c**2 + c - 10. Let t(q) = q**2. Let g(a) = -r(a) - 3*t(a). What is the units digit of g(-5)?
0
Let o(d) = 13*d + 2. Let z be o(-2). Let x = -7 - z. What is the tens digit of x?
1
Let i be (-2 - -1)*(22 - -1). Let f = 76 + i. What is the units digit of f?
3
Suppose 4*n = 3 + 13. Let r be 1/(-4) + 21/n. Let l = 8 - r. What is the units digit of l?
3
Let i(w) = -w**2 - 5*w + 9. Suppose -2*y = 16 - 2. Let j be i(y). Let b(h) = h**2 + h + 1. What is the tens digit of b(j)?
2
Suppose -4*q = 2*n - 28, 3*n - 5 = -5*q + 8*n. What is the tens digit of 1*q/((-15)/(-123))?
4
What is the units digit of 0 + (0 + -1 - -3)?
2
Suppose -4*k = -2*k - 8. Suppose 0 = k*c + 4*l - 12, 4*c - 2*l - 30 = 0. What is the units digit of c?
6
Let t(b) = b**3 - 11*b**2 + 10*b + 3. Let y be t(10). Suppose 0 = -4*d - 0*c + 3*c + 30, 3*d + y*c - 12 = 0. What is the units digit of d?
6
What is the units digit of -3*(-2)/(-6)*-38?
8
Suppose 813 = 6*v - 267. What is the hundreds digit of v?
1
Suppose -3 + 38 = 5*s - 4*c, -c + 4 = 3*s. Suppose -w + 16 = w + s*a, 4*a - 3 = -w. What is the tens digit of w?
1
Suppose 2*q - 5*j - 50 = 0, 3*q - 7 - 50 = 3*j. Let r = q + -3. What is the units digit of r?
2
Let r be (-56)/10*60/(-6). Suppose u - 5*u + r = 0. What is the tens digit of u?
1
Let f be (0 + (-19)/(-4))*4. Suppose z + f = 2*z. What is the tens digit of z?
1
Suppose j - 20 = 3. What is the units digit of j?
3
Suppose i - 2*s = -s, -5*s = 0. Suppose 2*r - f + 3 = 6, -2*f + 10 = i. What is the units digit of r?
4
What is the units digit of -4 - (-1808)/(8 - 4)?
8
Let s(o) = 2*o - 1. Suppose -t + 5*t - 16 = 0. Let m(z) = 8*z - 4. Let q(v) = t*m(v) - 18*s(v). What is the units digit of q(-2)?
0
Suppose 0 = 3*d - 108. What is the units digit of d?
6
Let q(x) = -x**3 - x**2 - 3. Let h(k) = -2*k**3 - 3*k**2 - 7. Let f(p) = 2*h(p) - 5*q(p). What is the tens digit of f(3)?
1
Let v = -120 + 169. What is the units digit of v?
9
Suppose 2*t + 4*p - 74 = -0*p, -t - p = -36. What is the units digit of t?
5
Suppose -4*b = -2*b + 5*z - 142, -z - 4 = 0. What is the tens digit of b?
8
Suppose 0 = 2*k - 6 + 2. Suppose -k = -2*m + 2. What is the units digit of (m + -1)/((-3)/(-6))?
2
Suppose -2*p = -0*p + 4, -2*l + 5*p + 42 = 0. Let n be (1 - 5)/(-2) - l. Let o = 22 + n. What is the units digit of o?
8
Let m = 144 + -110. What is the units digit of m?
4
Suppose -2*k + 42 = c - 6*c, 2*k - 4*c - 42 = 0. Let f = k - 11. What is the units digit of f?
0
Suppose 30 = 2*v